+ 0. Suppose n - 16 = -n. Calculate the remainder when n is divided by j.
2
Let d(t) = -5*t - 7. Let r be d(4). Let a(v) = v**3 - 2*v**2 - v - 2. Calculate the remainder when (45/r)/(2/(-12)) is divided by a(3).
2
Let p = 39 - 28. What is the remainder when 21 is divided by p?
10
Let b(p) = -3*p**2 + 5*p + 3. Let r(t) = 13*t**2 - 21*t - 12. Let j(x) = -9*b(x) - 2*r(x). What is the remainder when j(11) is divided by 22?
19
Let x(w) = w**2 + 9. What is the remainder when x(-3) is divided by 12?
6
Suppose 0 = -5*z + 6*z - 4*o + 2, -o = -4. What is the remainder when (5 - 27)*(-2 + 0) is divided by (0 - -1) + z/1?
14
Let n(d) be the second derivative of d**3/6 + d**2 + 3*d. What is the remainder when n(8) is divided by 3?
1
Let g = 5 + -3. Let z = g - -1. What is the remainder when 10 is divided by z?
1
Suppose -4*h - 3*q + 155 = h, 0 = 3*h + 3*q - 99. Let c(k) = -k**2 + 10*k - 9. What is the remainder when h is divided by c(6)?
13
Suppose -f = 2*f - 3, 68 = -3*o + 5*f. Let h be (-668)/(-14) + (-6)/o. Suppose -3*z + 45 + h = 0. What is the remainder when z is divided by 11?
9
Suppose -5*i + 68 = -3*x, i - 15 = 2*x - 0*x. Calculate the remainder when 60 is divided by i.
8
Suppose -f + 0*f - 4 = -4*x, -x + 3*f - 10 = 0. Suppose -o = -x*q + 8, -4 = -2*q + 4*o - 2. What is the remainder when q is divided by 2?
1
Suppose -2*h - 45 + 89 = 0. Calculate the remainder when h is divided by 7.
1
Let m(k) = 8*k - 2. Suppose -5*u = -104 - 51. Let b = 44 - u. Calculate the remainder when m(5) is divided by b.
12
Let v(q) = q**2 - 8. Let z be v(-5). Suppose 3*n = 2*n + z. What is the remainder when 32 is divided by n?
15
Let l(y) = -y**3 + 2*y**2 - 2*y + 8. Calculate the remainder when 7 is divided by l(2).
3
Suppose -6*h = -2*h - 176. What is the remainder when h is divided by 5?
4
What is the remainder when -2*((-67)/2 + -3) is divided by 92/5 - 6/(-10)?
16
Suppose -3*m + 2*l + 26 = 0, -l = -1 + 2. Calculate the remainder when m is divided by 5.
3
Let x = 14 + -9. Suppose -x*q + 407 = 102. Suppose 0 = 3*k + 3*n - 42, 3*k + n - 44 = -n. Calculate the remainder when q is divided by k.
13
Suppose 3*d = -4*m - 2 + 13, 0 = -5*m + 2*d + 8. Suppose 3*v + 3*j = -15, -j = 4*v - v + 7. Calculate the remainder when 3 - (1 - (v - -1)) is divided by m.
0
Let b be ((-2)/(-2))/((-1)/1). Let k(c) = -3*c**3 - c**2 + c + 1. Let l be k(b). What is the remainder when 6 is divided by 3/6 - (-7)/l?
2
Suppose 2*a + s - 43 = 0, 4*s = -0*a + 4*a - 68. Let b be ((2 - -1)/(-3))/1. What is the remainder when a is divided by (-2 - -9) + 1 + b?
6
Calculate the remainder when 1 is divided by (-5)/(-4) - 8/32.
0
Let l be ((3/(-4))/1)/(21/(-56)). Suppose -4*p + 5*u = p, -p + 5*u - 4 = 0. Calculate the remainder when l/(-4)*(p - 73) is divided by 13.
10
Suppose r = -0 + 13. Let j(y) = -y**2 + y - 84. Let d be j(0). Let o = -60 - d. What is the remainder when o is divided by r?
11
Let k = 18 + -8. Let n(v) = v**3 + 6*v**2 + 7*v + 4. Let u be n(-5). Let g = -2 - u. Calculate the remainder when k is divided by g.
2
Suppose 5*a - 105 = -0*a. What is the remainder when a is divided by 12?
9
Let i = 3 + 99. Calculate the remainder when i is divided by 7.
4
Let k(s) = -s**3 + 4. Let o be -1*0*(-1)/(-3). What is the remainder when 17 is divided by k(o)?
1
Let i(j) = -j**2 + 13*j + 4. What is the remainder when 76 is divided by i(11)?
24
Suppose 5*q + 55 = 2*s, -3*s + 5*q + 33 = -47. Suppose 3 = 3*t - 2*t. Suppose 3*b - s = -y, 3*b + t*y - 5 = 4*b. What is the remainder when b is divided by 4?
3
Let q(c) = 2*c**2 - c + 2. Let w be q(2). Let y = -64 - -91. Let n = w + y. Calculate the remainder when n is divided by 12.
11
Let r(y) = -y + 9. Let i be (0 - -4)/(-2) + 7. Let k be r(i). Suppose 3*n - k*n + 7 = 0. What is the remainder when 12 is divided by n?
5
Let a = 21 + -21. Suppose -3*o = 9, a*o - o = -m + 18. Calculate the remainder when 58 is divided by m.
13
Suppose -4*k = -29 - 19. What is the remainder when k is divided by 7?
5
Let m(g) = 4*g + 1. Let z be m(-2). Let c = z + 12. Suppose 5*x = 4*x + 3*i + 3, 5*x - 15 = -2*i. Calculate the remainder when c is divided by x.
2
Suppose 4*h + 2*r - 64 = 0, -6*h + 7*h - 3*r - 2 = 0. What is the remainder when 25 is divided by h?
11
Let a = -37 - -66. Let o = 308 - 291. Calculate the remainder when a is divided by o.
12
Let m(t) = 51*t**2 + 1. What is the remainder when m(-2) is divided by 16?
13
Suppose i + 3*b + 1 = 11, b = -4*i + 73. Suppose 0*y + 4*y = 12. What is the remainder when i is divided by 28/y - 2/(-3)?
9
Let u = 17 - 7. Let s(r) = r**2 + 2*r + 1. Let a be s(-5). Suppose 3*k + w + a = 4*k, k - 28 = -5*w. Calculate the remainder when k is divided by u.
8
Let x(v) = v**2 - 13*v - 12. What is the remainder when 88 is divided by x(15)?
16
Let n(q) = -q**2 + 2*q + 17. Let l(v) = v**3 - 7*v**2 - v + 8. Let d be l(7). Calculate the remainder when 0 + (d*-4)/(-2) is divided by n(5).
0
Let b be 15 - 4/((-8)/(-2)). Suppose 4*n = 6*n - b. Calculate the remainder when 24 is divided by n.
3
Let z(m) = -m + 2. Let g be z(0). Suppose -4*b + 26 = g*w, -10 = w - b - 35. Calculate the remainder when w is divided by 8.
5
Let t(a) = 25*a**2 - 2*a - 1. Let p be t(-1). Suppose -4*n + 4*g = 0, 2*n + 3*g - p = -6. Calculate the remainder when 6 is divided by n.
2
Calculate the remainder when 7 is divided by 2/(-3) + 187/33.
2
Let n be 24/(-5)*40/(-12). Suppose 4*m + n = 5*m. Calculate the remainder when m is divided by 9.
7
Let r be 26/6 - 7/21. Suppose 0 = -r*m + 45 + 11. Suppose 4*s - 6 = m. What is the remainder when 19 is divided by s?
4
Let r(p) = -6*p - 1. Let x(c) = 7*c + 1. Let s(i) = 6*r(i) + 5*x(i). Let h be s(-6). Suppose f - h = 21. What is the remainder when f is divided by 9?
8
Suppose 4*t + 4*j + 7 = 5*t, -5*j = 0. Calculate the remainder when t is divided by 4.
3
Let d(p) = -11*p**2 + p + 5. Let k = 6 + -4. Let q(w) = 5*w**2 - 2. Let c(f) = k*d(f) + 5*q(f). Calculate the remainder when 47 is divided by c(2).
15
Suppose 0 = 2*q - 8, 0 = t - q - 2*q + 6. Suppose 25 = 3*u + 2*u. Let a(w) = w**3 - 4*w**2 - 3*w - 6. What is the remainder when t is divided by a(u)?
2
What is the remainder when -96*(5/2 + -5 + 2) is divided by 10?
8
Let x = -7 + 17. Suppose -25 = -2*g + 31. What is the remainder when g is divided by x?
8
Let b(o) = -o**3 - o**2 + o + 44. Calculate the remainder when b(0) is divided by 12.
8
Let z(v) = -v**3 + 3*v + 22. Calculate the remainder when 175 is divided by z(0).
21
Let f(b) be the third derivative of 5*b**4/8 + 2*b**2. Let d(g) = g**2 + g - 1. Let t be d(1). What is the remainder when 42 is divided by f(t)?
12
Let h = -34 + 42. Calculate the remainder when 29 is divided by h.
5
Let c = -6 - -10. Suppose 3 = c*n - 1. What is the remainder when 43 is divided by (6/(-4)*-10)/n?
13
Let p be (2 + -1)*(2 + 3). Let f(x) = -x**2 + 5*x - 1. Let v be f(p). What is the remainder when 35 is divided by (1/v)/(1/(-12))?
11
Let c = 12 + -3. Suppose -2*t = 4, 6*f - 70 = 2*f + t. What is the remainder when f is divided by c?
8
Let o = -810 - -833. Calculate the remainder when o is divided by (-26)/(-3) + (-4)/6.
7
Let c(v) = -68*v - 1. Let d be c(1). Let w = d + 110. Calculate the remainder when w is divided by 21.
20
Let g(q) = q**3 - q + 31. Suppose 0 = 2*t + k - 13, 0 = -4*t + 4*k + 8 + 12. Let l = 2 + t. What is the remainder when g(0) is divided by l?
7
Let d(z) = 5*z - 15. Let l be (-6)/(-5)*(-25)/(-5). What is the remainder when d(l) is divided by 4?
3
Let w = 76 + -46. What is the remainder when 116 is divided by w?
26
Calculate the remainder when -3 + (10 + 0)*4 is divided by 14.
9
Suppose 5*y - 52 = 18. Suppose 4*q - 4*g = 176, 0 = g - 5 + 4. Let j = -4 + q. What is the remainder when j is divided by y?
13
Let u be (172/(-2))/(4/(-10)). Suppose -p = 4*p - u. Calculate the remainder when (7 + -6)*(p + 0) is divided by 22.
21
Let a be 30/2*(-3)/(-9). Suppose -a*i - 5*j + 105 = 0, -3*j + j = -5*i + 98. Calculate the remainder when 38 is divided by i.
18
Suppose -22 = 5*k + 4*l, 2*l - 3*l = 3. Let t = 3 + -17. Let q = k - t. Calculate the remainder when 22 is divided by q.
10
Let u = 12 - 7. Suppose -277 = -u*w - b, -b + 232 = 4*w + 11. What is the remainder when w + (8 + 1)/3 is divided by 20?
19
Suppose 0 = 3*f + 5*j - 9, 2*f = -3*j +